{"id":2,"date":"2021-10-26T15:31:15","date_gmt":"2021-10-26T13:31:15","guid":{"rendered":"https:\/\/fortbildung-verbund3.schule.de\/?page_id=2"},"modified":"2024-08-22T13:22:15","modified_gmt":"2024-08-22T11:22:15","slug":"startseite","status":"publish","type":"page","link":"https:\/\/fortbildung-verbund3.schule.de\/","title":{"rendered":"Fortbildung Berlin im Regionenverbund 3"},"content":{"rendered":"<p><span style=\"font-family: helvetica; font-size: 16px;\">Informieren Sie sich \u00fcber fachliche und \u00fcberfachliche Fortbildungsangebote im Regionenverbund 3.<\/span><\/p>\n<p><span style=\"font-family: helvetica; font-size: 16px;\">Das gesamte Fortbildungsverzeichnis der Regionalen Fortbildung Berlin finden Sie unter <strong><a href=\"https:\/\/fortbildungen.berlin\">https:\/\/fortbildungen.berlin<\/a><\/strong><\/span><\/p>\n<p><span style=\"font-size: 16px; font-family: helvetica;\"><strong>Lebenslanges Lernen &#8211; inklusiv und digital gest\u00fctzt<\/strong><\/span><\/p>\n<p><span style=\"font-family: helvetica; font-size: 16px;\">Fortbildungen der Regionalen Fortbildung Berlin unterst\u00fctzen das p\u00e4dagogische Personal dabei, auf dem Weg zu bleiben und sich f\u00fcr eine ver\u00e4nderte Berufspraxis weiterzubilden. Neben den Regionalkonferenzen als verbindliche Veranstaltung f\u00fcr die Qualit\u00e4tsverbesserung in den F\u00e4chern werden regionale und schulinterne Fortbildungen, sowie Schulberatung und Prozessbegleitung in Schulentwicklungsvorhaben angeboten.<\/span><\/p>\n","protected":false},"excerpt":{"rendered":"<p>Informieren Sie sich \u00fcber fachliche und \u00fcberfachliche Fortbildungsangebote im Regionenverbund 3. Das gesamte Fortbildungsverzeichnis der Regionalen Fortbildung Berlin finden Sie &hellip; <\/p>\n","protected":false},"author":1,"featured_media":0,"parent":0,"menu_order":0,"comment_status":"closed","ping_status":"closed","template":"","meta":{"_bbp_topic_count":0,"_bbp_reply_count":0,"_bbp_total_topic_count":0,"_bbp_total_reply_count":0,"_bbp_voice_count":0,"_bbp_anonymous_reply_count":0,"_bbp_topic_count_hidden":0,"_bbp_reply_count_hidden":0,"_bbp_forum_subforum_count":0,"footnotes":""},"class_list":["post-2","page","type-page","status-publish","hentry"],"_links":{"self":[{"href":"https:\/\/fortbildung-verbund3.schule.de\/index.php?rest_route=\/wp\/v2\/pages\/2","targetHints":{"allow":["GET"]}}],"collection":[{"href":"https:\/\/fortbildung-verbund3.schule.de\/index.php?rest_route=\/wp\/v2\/pages"}],"about":[{"href":"https:\/\/fortbildung-verbund3.schule.de\/index.php?rest_route=\/wp\/v2\/types\/page"}],"author":[{"embeddable":true,"href":"https:\/\/fortbildung-verbund3.schule.de\/index.php?rest_route=\/wp\/v2\/users\/1"}],"replies":[{"embeddable":true,"href":"https:\/\/fortbildung-verbund3.schule.de\/index.php?rest_route=%2Fwp%2Fv2%2Fcomments&post=2"}],"version-history":[{"count":42,"href":"https:\/\/fortbildung-verbund3.schule.de\/index.php?rest_route=\/wp\/v2\/pages\/2\/revisions"}],"predecessor-version":[{"id":3880,"href":"https:\/\/fortbildung-verbund3.schule.de\/index.php?rest_route=\/wp\/v2\/pages\/2\/revisions\/3880"}],"wp:attachment":[{"href":"https:\/\/fortbildung-verbund3.schule.de\/index.php?rest_route=%2Fwp%2Fv2%2Fmedia&parent=2"}],"curies":[{"name":"wp","href":"https:\/\/api.w.org\/{rel}","templated":true}]}}

<p><span style="font-family: helvetica; font-size: 16px;">Informieren Sie sich über fachliche und überfachliche Fortbildungsangebote im Regionenverbund 3.</span></p>
<p><span style="font-family: helvetica; font-size: 16px;">Das gesamte Fortbildungsverzeichnis der Regionalen Fortbildung Berlin finden Sie unter <strong><a href="https://fortbildungen.berlin">https://fortbildungen.berlin</a></strong></span></p>
<p><span style="font-size: 16px; font-family: helvetica;"><strong>Lebenslanges Lernen &#8211; inklusiv und digital gestützt</strong></span></p>
<p><span style="font-family: helvetica; font-size: 16px;">Fortbildungen der Regionalen Fortbildung Berlin unterstützen das pädagogische Personal dabei, auf dem Weg zu bleiben und sich für eine veränderte Berufspraxis weiterzubilden. Neben den Regionalkonferenzen als verbindliche Veranstaltung für die Qualitätsverbesserung in den Fächern werden regionale und schulinterne Fortbildungen, sowie Schulberatung und Prozessbegleitung in Schulentwicklungsvorhaben angeboten.</span></p>

<p>Informieren Sie sich über fachliche und überfachliche Fortbildungsangebote im Regionenverbund 3. Das gesamte Fortbildungsverzeichnis der Regionalen Fortbildung Berlin finden Sie &hellip; </p>
